{"id":241,"date":"2021-11-03T11:14:29","date_gmt":"2021-11-03T09:14:29","guid":{"rendered":"http:\/\/localhost\/web\/?post_type=product&#038;p=241"},"modified":"2021-11-16T12:21:43","modified_gmt":"2021-11-16T10:21:43","slug":"novel%c2%b7la-ciencia-ficcio-la-canco-de-nuria","status":"publish","type":"product","link":"https:\/\/codingout.cat\/coop1\/producte\/novel%c2%b7la-ciencia-ficcio-la-canco-de-nuria\/","title":{"rendered":"NOVEL\u00b7LA CI\u00c8NCIA-FICCI\u00d3: LA CAN\u00c7\u00d3 DE N\u00daRIA"},"content":{"rendered":"<p>SINOPSIS<\/p>\n<p>Una sinistre organitzaci\u00f3 terrorista que propugna la superioritat de la ra\u00e7a negre porta anys investigant la creaci\u00f3 d\u2019un mal\u00e8fic virus que aconseguir\u00e0 delmar a la poblaci\u00f3 mundial cauc\u00e0sica. El seu pla consisteix en deixar invidents a tots els blancs i convertir-los en els seus esclaus, una mena de venjan\u00e7a al colonialisme que ha tiranitzat \u00c0frica des de segles. Per\u00f2 el virus pateix una mutaci\u00f3 i la infecci\u00f3 provoca la mort de tots els contaminats i la seva instant\u00e0nia resurrecci\u00f3. La pand\u00e8mia s\u2019escampa per tota la terra i degenera en una invasi\u00f3 zombi.<br \/>\nDes de el Jap\u00f3, un jove i prometedor cient\u00edfic, investiga l\u2019origen del virus i busca una ant\u00eddot, mentre intenta sobreviure en un Tokio on nom\u00e9s queden uns pocs supervivents.<br \/>\nSembla que no hi ha esperan\u00e7a per a la humanitat, per\u00f2 en algun lloc del m\u00f3n i de manera incre\u00efble apareixen un grup de supervivents que tindran que fer front als seus pitjors malsons.<\/p>\n","protected":false},"excerpt":{"rendered":"<p>SINOPSIS Una sinistre organitzaci\u00f3 terrorista que propugna la superioritat de la ra\u00e7a negre porta anys investigant la creaci\u00f3 d\u2019un mal\u00e8fic virus que aconseguir\u00e0 delmar a la poblaci\u00f3 mundial cauc\u00e0sica. El seu pla consisteix en deixar invidents a tots els blancs i convertir-los en els seus esclaus, una mena de venjan\u00e7a &hellip;<\/p>\n","protected":false},"featured_media":874,"comment_status":"open","ping_status":"closed","template":"","meta":[],"product_cat":[38],"product_tag":[],"_links":{"self":[{"href":"https:\/\/codingout.cat\/coop1\/wp-json\/wp\/v2\/product\/241"}],"collection":[{"href":"https:\/\/codingout.cat\/coop1\/wp-json\/wp\/v2\/product"}],"about":[{"href":"https:\/\/codingout.cat\/coop1\/wp-json\/wp\/v2\/types\/product"}],"replies":[{"embeddable":true,"href":"https:\/\/codingout.cat\/coop1\/wp-json\/wp\/v2\/comments?post=241"}],"wp:featuredmedia":[{"embeddable":true,"href":"https:\/\/codingout.cat\/coop1\/wp-json\/wp\/v2\/media\/874"}],"wp:attachment":[{"href":"https:\/\/codingout.cat\/coop1\/wp-json\/wp\/v2\/media?parent=241"}],"wp:term":[{"taxonomy":"product_cat","embeddable":true,"href":"https:\/\/codingout.cat\/coop1\/wp-json\/wp\/v2\/product_cat?post=241"},{"taxonomy":"product_tag","embeddable":true,"href":"https:\/\/codingout.cat\/coop1\/wp-json\/wp\/v2\/product_tag?post=241"}],"curies":[{"name":"wp","href":"https:\/\/api.w.org\/{rel}","templated":true}]}}