{"id":233,"date":"2021-11-03T11:00:09","date_gmt":"2021-11-03T09:00:09","guid":{"rendered":"http:\/\/localhost\/web\/?post_type=product&#038;p=233"},"modified":"2021-11-16T12:23:39","modified_gmt":"2021-11-16T10:23:39","slug":"novel%c2%b7la-negre-lluitant-contra-kronos","status":"publish","type":"product","link":"https:\/\/codingout.cat\/coop1\/producte\/novel%c2%b7la-negre-lluitant-contra-kronos\/","title":{"rendered":"NOVEL\u00b7LA NEGRE: LLUITANT CONTRA KRONOS"},"content":{"rendered":"<p>SINOPSIS<\/p>\n<p>Alguns successos estranys estan succeint a Madrid: en l\u2019interval de dos dies, apareixen sense vida els cossos d\u2019alguns Jutges del Tribunal Suprem. Malgrat que tots els indicis assenyalen que s\u00f3n morts fortu\u00eftes i que no estan relacionades entre s\u00ed, l\u2019Inspector Blanco, un agent amb experi\u00e8ncia, per\u00f2 amb una vida personal ca\u00f2tica, comen\u00e7a a investigar.<br \/>\nMentrestant, en la Ciutat Comtal, alguns membres de l\u2019Alta Magistratura i la Fiscalia apareixen mortes en ins\u00f2lites circumst\u00e0ncies. Alguns agents policials que van estar implicats en una investigaci\u00f3 d\u2019un doble assassinat fa diversos anys, tamb\u00e9 troben la mort.<br \/>\nExisteix alguna mena de relaci\u00f3 entre aquests casos?<br \/>\nPodran les forces de l\u2019ordre detenir els culpables?<br \/>\nNo ho tindran gens f\u00e0cil, ja que aquesta hist\u00f2ria es remunta molts anys enrere i on res \u00e9s el que sembla.<\/p>\n","protected":false},"excerpt":{"rendered":"<p>SINOPSIS Alguns successos estranys estan succeint a Madrid: en l\u2019interval de dos dies, apareixen sense vida els cossos d\u2019alguns Jutges del Tribunal Suprem. Malgrat que tots els indicis assenyalen que s\u00f3n morts fortu\u00eftes i que no estan relacionades entre s\u00ed, l\u2019Inspector Blanco, un agent amb experi\u00e8ncia, per\u00f2 amb una vida &hellip;<\/p>\n","protected":false},"featured_media":888,"comment_status":"open","ping_status":"closed","template":"","meta":[],"product_cat":[36],"product_tag":[],"_links":{"self":[{"href":"https:\/\/codingout.cat\/coop1\/wp-json\/wp\/v2\/product\/233"}],"collection":[{"href":"https:\/\/codingout.cat\/coop1\/wp-json\/wp\/v2\/product"}],"about":[{"href":"https:\/\/codingout.cat\/coop1\/wp-json\/wp\/v2\/types\/product"}],"replies":[{"embeddable":true,"href":"https:\/\/codingout.cat\/coop1\/wp-json\/wp\/v2\/comments?post=233"}],"wp:featuredmedia":[{"embeddable":true,"href":"https:\/\/codingout.cat\/coop1\/wp-json\/wp\/v2\/media\/888"}],"wp:attachment":[{"href":"https:\/\/codingout.cat\/coop1\/wp-json\/wp\/v2\/media?parent=233"}],"wp:term":[{"taxonomy":"product_cat","embeddable":true,"href":"https:\/\/codingout.cat\/coop1\/wp-json\/wp\/v2\/product_cat?post=233"},{"taxonomy":"product_tag","embeddable":true,"href":"https:\/\/codingout.cat\/coop1\/wp-json\/wp\/v2\/product_tag?post=233"}],"curies":[{"name":"wp","href":"https:\/\/api.w.org\/{rel}","templated":true}]}}