{"id":312,"date":"2021-11-05T11:41:00","date_gmt":"2021-11-05T09:41:00","guid":{"rendered":"http:\/\/localhost\/web\/?page_id=312"},"modified":"2021-11-17T12:45:44","modified_gmt":"2021-11-17T10:45:44","slug":"aparador","status":"publish","type":"page","link":"https:\/\/codingout.cat\/coop1\/aparador\/","title":{"rendered":"BOTIGA"},"content":{"rendered":"<p><strong>VENDA DE LLIBRES<\/strong><br \/>\nConeix als nostres autors\/es<\/p>\n<div class=\"woocommerce columns-4 \"><ul class=\"products columns-4\">\n<li class=\"product type-product post-1281 status-publish first instock product_cat-sense-categoria has-post-thumbnail shipping-taxable purchasable product-type-simple\">\n\t<div class='woocommerce-thumbnail-container'><div class='woocommerce-buttons-container'><a href=\"?add-to-cart=1281\" data-quantity=\"1\" class=\"button product_type_simple add_to_cart_button ajax_add_to_cart\" data-product_id=\"1281\" data-product_sku=\"\" aria-label=\"Afegiu &ldquo;LUCHANDO CONTRA KRONOS&rdquo; a la vostra cistella\" rel=\"nofollow\">Afegeix a la cistella<\/a><\/div><!--.woocommerce-buttons-container--><\/div><!--.woocommerce-thumbnail-container--><\/li>\n<li class=\"product type-product post-272 status-publish instock product_cat-novella-ficcio-en-castella has-post-thumbnail shipping-taxable purchasable product-type-simple\">\n\t<div class='woocommerce-thumbnail-container'><div class='woocommerce-buttons-container'><a href=\"?add-to-cart=272\" data-quantity=\"1\" class=\"button product_type_simple add_to_cart_button ajax_add_to_cart\" data-product_id=\"272\" data-product_sku=\"\" aria-label=\"Afegiu &ldquo;NOVEL\u00b7LA CI\u00c8NCIA-FICCI\u00d3: LA CANCI\u00d3N DE NURIA&rdquo; a la vostra cistella\" rel=\"nofollow\">Afegeix a la cistella<\/a><\/div><!--.woocommerce-buttons-container--><\/div><!--.woocommerce-thumbnail-container--><\/li>\n<li class=\"product type-product post-241 status-publish instock product_cat-novella-ficcio-en-catala has-post-thumbnail shipping-taxable purchasable product-type-simple\">\n\t<div class='woocommerce-thumbnail-container'><div class='woocommerce-buttons-container'><a href=\"?add-to-cart=241\" data-quantity=\"1\" class=\"button product_type_simple add_to_cart_button ajax_add_to_cart\" data-product_id=\"241\" data-product_sku=\"\" aria-label=\"Afegiu &ldquo;NOVEL\u00b7LA CI\u00c8NCIA-FICCI\u00d3: LA CAN\u00c7\u00d3 DE N\u00daRIA&rdquo; a la vostra cistella\" rel=\"nofollow\">Afegeix a la cistella<\/a><\/div><!--.woocommerce-buttons-container--><\/div><!--.woocommerce-thumbnail-container--><\/li>\n<li class=\"product type-product post-247 status-publish last instock product_cat-novella-ficcio-en-catala has-post-thumbnail shipping-taxable purchasable product-type-simple\">\n\t<div class='woocommerce-thumbnail-container'><div class='woocommerce-buttons-container'><a href=\"?add-to-cart=247\" data-quantity=\"1\" class=\"button product_type_simple add_to_cart_button ajax_add_to_cart\" data-product_id=\"247\" data-product_sku=\"\" aria-label=\"Afegiu &ldquo;NOVEL\u00b7LA FICCI\u00d3: EL CEL NO M&#039;INTERESSA&rdquo; a la vostra cistella\" rel=\"nofollow\">Afegeix a la cistella<\/a><\/div><!--.woocommerce-buttons-container--><\/div><!--.woocommerce-thumbnail-container--><\/li>\n<li class=\"product type-product post-276 status-publish first instock product_cat-novella-ficcio-en-castella has-post-thumbnail shipping-taxable purchasable product-type-simple\">\n\t<div class='woocommerce-thumbnail-container'><div class='woocommerce-buttons-container'><a href=\"?add-to-cart=276\" data-quantity=\"1\" class=\"button product_type_simple add_to_cart_button ajax_add_to_cart\" data-product_id=\"276\" data-product_sku=\"\" aria-label=\"Afegiu &ldquo;NOVEL\u00b7LA FICCI\u00d3: EL CIELO NO ME INTERESA&rdquo; a la vostra cistella\" rel=\"nofollow\">Afegeix a la cistella<\/a><\/div><!--.woocommerce-buttons-container--><\/div><!--.woocommerce-thumbnail-container--><\/li>\n<li class=\"product type-product post-250 status-publish instock product_cat-novella-ficcio-en-castella has-post-thumbnail shipping-taxable purchasable product-type-simple\">\n\t<div class='woocommerce-thumbnail-container'><div class='woocommerce-buttons-container'><a href=\"?add-to-cart=250\" data-quantity=\"1\" class=\"button product_type_simple add_to_cart_button ajax_add_to_cart\" data-product_id=\"250\" data-product_sku=\"\" aria-label=\"Afegiu &ldquo;NOVEL\u00b7LA FICCI\u00d3: EL DISC\u00cdPULO DE DIOS&rdquo; a la vostra cistella\" rel=\"nofollow\">Afegeix a la cistella<\/a><\/div><!--.woocommerce-buttons-container--><\/div><!--.woocommerce-thumbnail-container--><\/li>\n<li class=\"product type-product post-229 status-publish instock product_cat-novella-ficcio-en-castella has-post-thumbnail shipping-taxable purchasable product-type-simple\">\n\t<div class='woocommerce-thumbnail-container'><div class='woocommerce-buttons-container'><a href=\"?add-to-cart=229\" data-quantity=\"1\" class=\"button product_type_simple add_to_cart_button ajax_add_to_cart\" data-product_id=\"229\" data-product_sku=\"\" aria-label=\"Afegiu &ldquo;NOVEL\u00b7LA FICCI\u00d3: EL ESCARABAJO Y EL CAZADOR DE PALABRAS&rdquo; a la vostra cistella\" rel=\"nofollow\">Afegeix a la cistella<\/a><\/div><!--.woocommerce-buttons-container--><\/div><!--.woocommerce-thumbnail-container--><\/li>\n<li class=\"product type-product post-244 status-publish last instock product_cat-novella-ficcio-en-catala has-post-thumbnail shipping-taxable purchasable product-type-simple\">\n\t<div class='woocommerce-thumbnail-container'><div class='woocommerce-buttons-container'><a href=\"?add-to-cart=244\" data-quantity=\"1\" class=\"button product_type_simple add_to_cart_button ajax_add_to_cart\" data-product_id=\"244\" data-product_sku=\"\" aria-label=\"Afegiu &ldquo;NOVEL\u00b7LA FICCI\u00d3: HELENA, L&#039;EXTRATERRESTRE&rdquo; a la vostra cistella\" rel=\"nofollow\">Afegeix a la cistella<\/a><\/div><!--.woocommerce-buttons-container--><\/div><!--.woocommerce-thumbnail-container--><\/li>\n<li class=\"product type-product post-253 status-publish first instock product_cat-novella-ficcio-en-catala has-post-thumbnail shipping-taxable purchasable product-type-simple\">\n\t<div class='woocommerce-thumbnail-container'><div class='woocommerce-buttons-container'><a href=\"?add-to-cart=253\" data-quantity=\"1\" class=\"button product_type_simple add_to_cart_button ajax_add_to_cart\" data-product_id=\"253\" data-product_sku=\"\" aria-label=\"Afegiu &ldquo;NOVEL\u00b7LA FICCI\u00d3: RESILI\u00c8NCIA&rdquo; a la vostra cistella\" rel=\"nofollow\">Afegeix a la cistella<\/a><\/div><!--.woocommerce-buttons-container--><\/div><!--.woocommerce-thumbnail-container--><\/li>\n<li class=\"product type-product post-223 status-publish instock product_cat-novella-ficcio-en-castella has-post-thumbnail shipping-taxable purchasable product-type-simple\">\n\t<div class='woocommerce-thumbnail-container'><div class='woocommerce-buttons-container'><a href=\"?add-to-cart=223\" data-quantity=\"1\" class=\"button product_type_simple add_to_cart_button ajax_add_to_cart\" data-product_id=\"223\" data-product_sku=\"\" aria-label=\"Afegiu &ldquo;NOVEL\u00b7LA FICCI\u00d3: SECUESTRO ES UN VERBO&rdquo; a la vostra cistella\" rel=\"nofollow\">Afegeix a la cistella<\/a><\/div><!--.woocommerce-buttons-container--><\/div><!--.woocommerce-thumbnail-container--><\/li>\n<li class=\"product type-product post-233 status-publish instock product_cat-novella-negre has-post-thumbnail shipping-taxable purchasable product-type-simple\">\n\t<div class='woocommerce-thumbnail-container'><div class='woocommerce-buttons-container'><a href=\"?add-to-cart=233\" data-quantity=\"1\" class=\"button product_type_simple add_to_cart_button ajax_add_to_cart\" data-product_id=\"233\" data-product_sku=\"\" aria-label=\"Afegiu &ldquo;NOVEL\u00b7LA NEGRE: LLUITANT CONTRA KRONOS&rdquo; a la vostra cistella\" rel=\"nofollow\">Afegeix a la cistella<\/a><\/div><!--.woocommerce-buttons-container--><\/div><!--.woocommerce-thumbnail-container--><\/li>\n<li class=\"product type-product post-256 status-publish last instock product_cat-poesia-en-castellano has-post-thumbnail shipping-taxable purchasable product-type-simple\">\n\t<div class='woocommerce-thumbnail-container'><div class='woocommerce-buttons-container'><a href=\"?add-to-cart=256\" data-quantity=\"1\" class=\"button product_type_simple add_to_cart_button ajax_add_to_cart\" data-product_id=\"256\" data-product_sku=\"\" aria-label=\"Afegiu &ldquo;POES\u00cdA: BEBERTE&rdquo; a la vostra cistella\" rel=\"nofollow\">Afegeix a la cistella<\/a><\/div><!--.woocommerce-buttons-container--><\/div><!--.woocommerce-thumbnail-container--><\/li>\n<li class=\"product type-product post-261 status-publish first instock product_cat-poesia-en-castellano has-post-thumbnail featured shipping-taxable purchasable product-type-simple\">\n\t<div class='woocommerce-thumbnail-container'><div class='woocommerce-buttons-container'><a href=\"?add-to-cart=261\" data-quantity=\"1\" class=\"button product_type_simple add_to_cart_button ajax_add_to_cart\" data-product_id=\"261\" data-product_sku=\"\" aria-label=\"Afegiu &ldquo;POES\u00cdA: COMO UN LUCERO DEL ALMA&rdquo; a la vostra cistella\" rel=\"nofollow\">Afegeix a la cistella<\/a><\/div><!--.woocommerce-buttons-container--><\/div><!--.woocommerce-thumbnail-container--><\/li>\n<li class=\"product type-product post-258 status-publish instock product_cat-poesia-en-castellano has-post-thumbnail shipping-taxable purchasable product-type-simple\">\n\t<div class='woocommerce-thumbnail-container'><div class='woocommerce-buttons-container'><a href=\"?add-to-cart=258\" data-quantity=\"1\" class=\"button product_type_simple add_to_cart_button ajax_add_to_cart\" data-product_id=\"258\" data-product_sku=\"\" aria-label=\"Afegiu &ldquo;POESIA: ENS\u00c9\u00d1AME&rdquo; a la vostra cistella\" rel=\"nofollow\">Afegeix a la cistella<\/a><\/div><!--.woocommerce-buttons-container--><\/div><!--.woocommerce-thumbnail-container--><\/li>\n<li class=\"product type-product post-266 status-publish instock product_cat-poesia-en-catala has-post-thumbnail shipping-taxable purchasable product-type-simple\">\n\t<div class='woocommerce-thumbnail-container'><div class='woocommerce-buttons-container'><a href=\"?add-to-cart=266\" data-quantity=\"1\" class=\"button product_type_simple add_to_cart_button ajax_add_to_cart\" data-product_id=\"266\" data-product_sku=\"\" aria-label=\"Afegiu &ldquo;POES\u00cdA: HAIKUS I TANKES&rdquo; a la vostra cistella\" rel=\"nofollow\">Afegeix a la cistella<\/a><\/div><!--.woocommerce-buttons-container--><\/div><!--.woocommerce-thumbnail-container--><\/li>\n<li class=\"product type-product post-263 status-publish last instock product_cat-poesia-en-castellano has-post-thumbnail shipping-taxable purchasable product-type-simple\">\n\t<div class='woocommerce-thumbnail-container'><div class='woocommerce-buttons-container'><a href=\"?add-to-cart=263\" data-quantity=\"1\" class=\"button product_type_simple add_to_cart_button ajax_add_to_cart\" data-product_id=\"263\" data-product_sku=\"\" aria-label=\"Afegiu &ldquo;POES\u00cdA: LOLA&rdquo; a la vostra cistella\" rel=\"nofollow\">Afegeix a la cistella<\/a><\/div><!--.woocommerce-buttons-container--><\/div><!--.woocommerce-thumbnail-container--><\/li>\n<li class=\"product type-product post-269 status-publish first instock product_cat-poesia-en-catala has-post-thumbnail shipping-taxable purchasable product-type-simple\">\n\t<div class='woocommerce-thumbnail-container'><div class='woocommerce-buttons-container'><a href=\"?add-to-cart=269\" data-quantity=\"1\" class=\"button product_type_simple add_to_cart_button ajax_add_to_cart\" data-product_id=\"269\" data-product_sku=\"\" aria-label=\"Afegiu &ldquo;POES\u00cdA: PANDEMONIUM&rdquo; a la vostra cistella\" rel=\"nofollow\">Afegeix a la cistella<\/a><\/div><!--.woocommerce-buttons-container--><\/div><!--.woocommerce-thumbnail-container--><\/li>\n<li class=\"product type-product post-238 status-publish instock product_cat-relatos-cortos has-post-thumbnail shipping-taxable purchasable product-type-simple\">\n\t<div class='woocommerce-thumbnail-container'><div class='woocommerce-buttons-container'><a href=\"?add-to-cart=238\" data-quantity=\"1\" class=\"button product_type_simple add_to_cart_button ajax_add_to_cart\" data-product_id=\"238\" data-product_sku=\"\" aria-label=\"Afegiu &ldquo;RELATOS CORTOS&rdquo; a la vostra cistella\" rel=\"nofollow\">Afegeix a la cistella<\/a><\/div><!--.woocommerce-buttons-container--><\/div><!--.woocommerce-thumbnail-container--><\/li>\n<li class=\"product type-product post-153 status-publish instock product_cat-servei-de-correccio has-post-thumbnail shipping-taxable purchasable product-type-simple\">\n\t<div class='woocommerce-thumbnail-container'><div class='woocommerce-buttons-container'><a href=\"?add-to-cart=153\" data-quantity=\"1\" class=\"button product_type_simple add_to_cart_button ajax_add_to_cart\" data-product_id=\"153\" data-product_sku=\"\" aria-label=\"Afegiu &ldquo;Servei de correcci\u00f3&rdquo; a la vostra cistella\" rel=\"nofollow\">Afegeix a la cistella<\/a><\/div><!--.woocommerce-buttons-container--><\/div><!--.woocommerce-thumbnail-container--><\/li>\n<li class=\"product type-product post-203 status-publish last instock product_cat-servei-de-disseny has-post-thumbnail shipping-taxable purchasable product-type-simple\">\n\t<div class='woocommerce-thumbnail-container'><div class='woocommerce-buttons-container'><a href=\"?add-to-cart=203\" data-quantity=\"1\" class=\"button product_type_simple add_to_cart_button ajax_add_to_cart\" data-product_id=\"203\" data-product_sku=\"\" aria-label=\"Afegiu &ldquo;SERVEI DE DISSENY DE PORTADES&rdquo; a la vostra cistella\" rel=\"nofollow\">Afegeix a la cistella<\/a><\/div><!--.woocommerce-buttons-container--><\/div><!--.woocommerce-thumbnail-container--><\/li>\n<\/ul>\n<\/div>\n<p>&nbsp;<\/p>\n<p><strong>SERVEIS<\/strong><br \/>\n* representaci\u00f3 legal<br \/>\n* drets d\u2019imatge<br \/>\n* correcci\u00f3 de textos<br \/>\n* traducci\u00f3<br \/>\n* disseny de portades<br \/>\n* assesoria jur\u00eddica i financera<\/p>\n<p>&nbsp;<\/p>\n","protected":false},"excerpt":{"rendered":"<p>VENDA DE LLIBRES Coneix als nostres autors\/es &nbsp; SERVEIS * representaci\u00f3 legal * drets d\u2019imatge * correcci\u00f3 de textos * traducci\u00f3 * disseny de portades * assesoria jur\u00eddica i financera &nbsp;<\/p>\n","protected":false},"author":2,"featured_media":0,"parent":0,"menu_order":0,"comment_status":"closed","ping_status":"closed","template":"","meta":[],"_links":{"self":[{"href":"https:\/\/codingout.cat\/coop1\/wp-json\/wp\/v2\/pages\/312"}],"collection":[{"href":"https:\/\/codingout.cat\/coop1\/wp-json\/wp\/v2\/pages"}],"about":[{"href":"https:\/\/codingout.cat\/coop1\/wp-json\/wp\/v2\/types\/page"}],"author":[{"embeddable":true,"href":"https:\/\/codingout.cat\/coop1\/wp-json\/wp\/v2\/users\/2"}],"replies":[{"embeddable":true,"href":"https:\/\/codingout.cat\/coop1\/wp-json\/wp\/v2\/comments?post=312"}],"version-history":[{"count":1,"href":"https:\/\/codingout.cat\/coop1\/wp-json\/wp\/v2\/pages\/312\/revisions"}],"predecessor-version":[{"id":1213,"href":"https:\/\/codingout.cat\/coop1\/wp-json\/wp\/v2\/pages\/312\/revisions\/1213"}],"wp:attachment":[{"href":"https:\/\/codingout.cat\/coop1\/wp-json\/wp\/v2\/media?parent=312"}],"curies":[{"name":"wp","href":"https:\/\/api.w.org\/{rel}","templated":true}]}}